{"id":819,"date":"2026-03-09T22:41:58","date_gmt":"2026-03-09T21:41:58","guid":{"rendered":"https:\/\/www.arca-bus.org\/?page_id=819"},"modified":"2026-03-09T22:46:06","modified_gmt":"2026-03-09T21:46:06","slug":"presentacio-del-llibre-autocares-y-autobuses-barreiros-dodge-i-renault","status":"publish","type":"page","link":"https:\/\/www.arca-bus.org\/es\/presentacio-del-llibre-autocares-y-autobuses-barreiros-dodge-i-renault\/","title":{"rendered":"Presentaci\u00f3n del libro 'AUTOCARES Y AUTOBUSES BARREIROS, DODGE I RENAULT'"},"content":{"rendered":"<div class=\"wp-block-columns is-layout-flex wp-container-core-columns-is-layout-28f84493 wp-block-columns-is-layout-flex\">\n<div class=\"wp-block-column is-layout-flow wp-block-column-is-layout-flow\">\n<p class=\"has-text-align-left\">A cargo de Javier Vivanco (autor) y C\u00e9sar Ari\u00f1o<br>\ud83d\uddd3\ufe0fS\u00e1bado 14 de Marzo de 2026<br>\ud83d\udd5417:00 horas<br>\ud83d\udccdCentre C\u00edvic de Can Rull Carrer Sant Isidor 51 Sabadell (Barcelona)<br>\ud83d\ude8d Bus 4, 5 i 14 (Transports Urbans de Sabadell)<br>Organiza: ARCA (Associaci\u00f3 per a la Recuperaci\u00f3 i Conservaci\u00f3 d\u2019autobusos)<br>Colabora: Ajuntament de Sabadell<\/p>\n\n\n\n<p class=\"has-text-align-left\">Actividad abierta para todo el mundo.<br>Habr\u00e1n libros disponibles a la venta<\/p>\n<\/div>\n<\/div>\n\n\n\n<figure class=\"wp-block-image aligncenter size-large\"><img data-recalc-dims=\"1\" loading=\"lazy\" decoding=\"async\" width=\"1024\" height=\"722\" src=\"https:\/\/i0.wp.com\/www.arca-bus.org\/wp-content\/uploads\/2026\/03\/PHOTO-2026-02-27-18-22-51.jpg?resize=1024%2C722&#038;ssl=1\" alt=\"\" class=\"wp-image-811\" srcset=\"https:\/\/i0.wp.com\/www.arca-bus.org\/wp-content\/uploads\/2026\/03\/PHOTO-2026-02-27-18-22-51.jpg?resize=1024%2C722&amp;ssl=1 1024w, https:\/\/i0.wp.com\/www.arca-bus.org\/wp-content\/uploads\/2026\/03\/PHOTO-2026-02-27-18-22-51.jpg?resize=300%2C211&amp;ssl=1 300w, https:\/\/i0.wp.com\/www.arca-bus.org\/wp-content\/uploads\/2026\/03\/PHOTO-2026-02-27-18-22-51.jpg?resize=768%2C541&amp;ssl=1 768w, https:\/\/i0.wp.com\/www.arca-bus.org\/wp-content\/uploads\/2026\/03\/PHOTO-2026-02-27-18-22-51.jpg?resize=18%2C12&amp;ssl=1 18w, https:\/\/i0.wp.com\/www.arca-bus.org\/wp-content\/uploads\/2026\/03\/PHOTO-2026-02-27-18-22-51.jpg?w=1111&amp;ssl=1 1111w\" sizes=\"auto, (max-width: 1000px) 100vw, 1000px\" \/><\/figure>","protected":false},"excerpt":{"rendered":"<p>A c\u00e0rrec de Javier Vivanco (autor) i C\u00e9sar Ari\u00f1o\ud83d\uddd3\ufe0fDissabte 14 de Mar\u00e7 de 2026\ud83d\udd5417:00 hores\ud83d\udccdCentre C\u00edvic de Can Rull Carrer Sant Isidor 51 Sabadell (Barcelona)\ud83d\ude8d Bus 4, 5 i 14 (Transports Urbans de Sabadell)Organitza: ARCA (Associaci\u00f3 per a la Recuperaci\u00f3 i Conservaci\u00f3 d\u2019autobusos)Col\u00b7labora: Ajuntament de Sabadell Activitat oberta per a tothom.Hi haur\u00e0 llibres disponibles a [&hellip;]<\/p>","protected":false},"author":2,"featured_media":0,"parent":0,"menu_order":0,"comment_status":"closed","ping_status":"closed","template":"","meta":{"_themeisle_gutenberg_block_has_review":false,"footnotes":""},"class_list":["post-819","page","type-page","status-publish","hentry"],"_links":{"self":[{"href":"https:\/\/www.arca-bus.org\/es\/wp-json\/wp\/v2\/pages\/819","targetHints":{"allow":["GET"]}}],"collection":[{"href":"https:\/\/www.arca-bus.org\/es\/wp-json\/wp\/v2\/pages"}],"about":[{"href":"https:\/\/www.arca-bus.org\/es\/wp-json\/wp\/v2\/types\/page"}],"author":[{"embeddable":true,"href":"https:\/\/www.arca-bus.org\/es\/wp-json\/wp\/v2\/users\/2"}],"replies":[{"embeddable":true,"href":"https:\/\/www.arca-bus.org\/es\/wp-json\/wp\/v2\/comments?post=819"}],"version-history":[{"count":0,"href":"https:\/\/www.arca-bus.org\/es\/wp-json\/wp\/v2\/pages\/819\/revisions"}],"wp:attachment":[{"href":"https:\/\/www.arca-bus.org\/es\/wp-json\/wp\/v2\/media?parent=819"}],"curies":[{"name":"wp","href":"https:\/\/api.w.org\/{rel}","templated":true}]}}

Presentación del libro 'AUTOCARES Y AUTOBUSES BARREIROS, DODGE I RENAULT'

<div class="wp-block-columns is-layout-flex wp-container-core-columns-is-layout-28f84493 wp-block-columns-is-layout-flex">
<div class="wp-block-column is-layout-flow wp-block-column-is-layout-flow">
<p class="has-text-align-left">A cargo de Javier Vivanco (autor) y César Ariño<br>🗓️Sábado 14 de Marzo de 2026<br>🕔17:00 horas<br>📍Centre Cívic de Can Rull Carrer Sant Isidor 51 Sabadell (Barcelona)<br>🚍 Bus 4, 5 i 14 (Transports Urbans de Sabadell)<br>Organiza: ARCA (Associació per a la Recuperació i Conservació d’autobusos)<br>Colabora: Ajuntament de Sabadell</p>



<p class="has-text-align-left">Actividad abierta para todo el mundo.<br>Habrán libros disponibles a la venta</p>
</div>
</div>



<figure class="wp-block-image aligncenter size-large"><img data-recalc-dims="1" loading="lazy" decoding="async" width="1024" height="722" src="https://i0.wp.com/www.arca-bus.org/wp-content/uploads/2026/03/PHOTO-2026-02-27-18-22-51.jpg?resize=1024%2C722&#038;ssl=1" alt="" class="wp-image-811" srcset="https://i0.wp.com/www.arca-bus.org/wp-content/uploads/2026/03/PHOTO-2026-02-27-18-22-51.jpg?resize=1024%2C722&amp;ssl=1 1024w, https://i0.wp.com/www.arca-bus.org/wp-content/uploads/2026/03/PHOTO-2026-02-27-18-22-51.jpg?resize=300%2C211&amp;ssl=1 300w, https://i0.wp.com/www.arca-bus.org/wp-content/uploads/2026/03/PHOTO-2026-02-27-18-22-51.jpg?resize=768%2C541&amp;ssl=1 768w, https://i0.wp.com/www.arca-bus.org/wp-content/uploads/2026/03/PHOTO-2026-02-27-18-22-51.jpg?resize=18%2C12&amp;ssl=1 18w, https://i0.wp.com/www.arca-bus.org/wp-content/uploads/2026/03/PHOTO-2026-02-27-18-22-51.jpg?w=1111&amp;ssl=1 1111w" sizes="auto, (max-width: 1000px) 100vw, 1000px" /></figure>

<p>A càrrec de Javier Vivanco (autor) i César Ariño🗓️Dissabte 14 de Març de 2026🕔17:00 hores📍Centre Cívic de Can Rull Carrer Sant Isidor 51 Sabadell (Barcelona)🚍 Bus 4, 5 i 14 (Transports Urbans de Sabadell)Organitza: ARCA (Associació per a la Recuperació i Conservació d’autobusos)Col·labora: Ajuntament de Sabadell Activitat oberta per a tothom.Hi haurà llibres disponibles a [&hellip;]</p>
